) = -5*b - 4. What is i(w)?
11
Let r(g) be the third derivative of g**6/120 - g**5/10 + g**4/24 - 5*g**3/6 + 29*g**2. What is r(6)?
1
Suppose 5*s = 5*c + 65, 6*c - 2*c - 20 = -2*s. Suppose 8*w = w + 14. Suppose f - 17 = 3*x, w*x = f - 0*x - s. Let g(p) = -3*p + 3. What is g(f)?
-3
Let x(t) be the first derivative of 0*t**2 - 5 - t - 2/3*t**3 + 1/2*t**4. Calculate x(2).
7
Let i be (1 - -2 - -2) + -2. Let f(n) = 36 - 11*n**3 + 0*n**i + 2*n - 37 - n**3 - n**2. Calculate f(1).
-12
Let h(y) = y**3 + 5*y**2 + 3*y + 6. Let o be (20/6)/((-5)/15*2). What is h(o)?
-9
Let s(r) = 2*r + 2. Let q be (-1 - 5/(-1)) + 0. Suppose -q*w + 7 - 27 = 0. Determine s(w).
-8
Let o = 1 + -2. Let p(f) = 5*f**2 + f + 1. Calculate p(o).
5
Let k(m) = 3*m**2 + m - 1. Let t(a) = a**2 + 10*a + 13. Let q be (-3)/(((-4)/3)/(-4)). Let r be t(q). Let y be (-4)/r - 2/2. What is k(y)?
9
Let q = 6 - 1. Let z(t) be the second derivative of -1/6*t**3 - 1/20*t**5 + t + 5/12*t**4 + 0 - t**2. Give z(q).
-7
Suppose 4 = 5*g - 6. Let b(x) be the third derivative of -x**6/120 - x**5/60 + x**4/24 - x**3/6 + 4*x**2. Calculate b(g).
-11
Let l = 37 + -32. Let x(u) = u**3 - 6*u**2 + 6*u - 4. What is x(l)?
1
Let x = 6 - 10. Let m(j) = -34*j - 30*j + 59*j - j**2 - 4. Give m(x).
0
Let z(u) be the first derivative of -u**4/8 - u**3/2 + 3*u**2/2 - 1. Let p(o) be the second derivative of z(o). What is p(-3)?
6
Let m(r) be the third derivative of r**5/15 - r**4/12 + 7*r**3/6 + 2*r**2. Let t(c) = 5*c**2 - 2*c + 8. Let v(f) = -6*m(f) + 5*t(f). Determine v(2).
6
Let g(k) = 6*k - 5 - 5*k + 8. Let i be 54/(-8) + (-1)/4. Let n be i + (-4)/6*-3. What is g(n)?
-2
Let y(o) = 4*o**2 - 2*o - 1. Let a be y(-1). Let l(j) = -2*j**3 + 0*j**2 + 7*j**3 + a*j**3 + j**2. Determine l(-1).
-9
Let u(a) be the first derivative of 4*a - 1/2*a**2 + a**3 - 2 - 1/4*a**4. Determine u(3).
1
Let t(q) = 8*q**2 + 7*q + 2. Let z(x) = -7*x**2 - 6*x - 2. Let c(m) = -2*t(m) - 3*z(m). What is c(-2)?
14
Let q(s) = -s**3 - 3*s**2 + 4*s + 2. Let n(v) = v**2 - 3*v + 3. Let b be n(2). Let f be b + -1 - -1 - 5. Determine q(f).
2
Let g(c) be the first derivative of 1/4*c**4 - 1 + c**2 + c + 4/3*c**3. Determine g(-2).
5
Let b(x) be the third derivative of -x**4/24 - 4*x**3/3 + 14*x**2. What is b(0)?
-8
Suppose -3*z + 16 = 5*d, 3*z + 2*d - 14 = -2*z. Let c(x) = 3*x**2 - x + 2. Give c(z).
12
Let x(s) = -s**2 + s + 1. Suppose -3*f - 5 = -20. Suppose -2*k + 2*n + f = n, n = 3*k - 6. What is x(k)?
1
Suppose -5*g + 2*g = -9. Let o(z) = 11*z - 11. Let f(k) = 7*k - 7. Let d(u) = -8*f(u) + 5*o(u). Determine d(g).
-2
Let l(w) = w**3 - 5*w**2 + 4*w + 4. Let s be l(4). Let r(k) = 2*k + s*k - 3*k + 2*k**2 + k + 2. Determine r(-2).
2
Let y be ((-11 + -3)*(-5)/10)/(-1). Let j(x) = -x**3 - 7*x**2 - 3*x - 5. Give j(y).
16
Let a(u) = u - 2. Let b = 13 - 5. Suppose -4*w - t = -0*t + 1, 2*w - 5*t - 5 = 0. Suppose -2*g + b = w, 0 = 3*v - 4*g + g. Give a(v).
2
Let w(m) = -3*m - m + 4 + 2*m. Let h(q) = -q. Let z be h(-3). Let f = 7 - z. Calculate w(f).
-4
Let c(n) be the first derivative of n**2/2 + 2*n - 1. Let q(j) = j + 1. Let h(i) = -4*c(i) + 6*q(i). Give h(5).
8
Suppose 3*n + 0*n + 3*j + 27 = 0, 5*n - 5*j - 5 = 0. Let v(o) = o**3 + 4*o**2 - 2*o - 5. Give v(n).
3
Suppose -4*v - 4*l - 39 = -l, 5*l = 3*v - 7. Let i(w) = -w**3 - 6*w**2 - w - 3. Calculate i(v).
3
Let i = 2 + -2. Let d = i + -2. Let r(u) = -u**3 + u - 1. Determine r(d).
5
Let c(o) be the second derivative of -o**4/12 - 7*o**3/6 - 3*o**2 + 2*o. What is c(-6)?
0
Let t(v) be the second derivative of v**3/6 + v**2/2 + 11*v. Let w(m) = -2*m - 8 - 3*m + m**2 + 0*m. Let j be w(6). What is t(j)?
-1
Let h be 2 + (1 - 5) + 1. Let q(f) = -5*f**3 + 3*f**2 - f - 1. Let p(a) = a**3 - a**2 + a + 1. Let d(s) = 2*p(s) + q(s). Calculate d(h).
4
Let h(g) = 6*g - 1. Let v(z) = 23*z - 4. Let t(f) = -9*h(f) + 2*v(f). Determine t(-1).
9
Let z be 1*2 + 2/2. Let y(u) = -7*u + 3 - 6 + z*u. Suppose 2*w = -2*w - 8. What is y(w)?
5
Let a(b) = b - 1. Let h(k) = -4*k - 6. Let f(t) = 5*a(t) - h(t). Calculate f(-1).
-8
Suppose n + 2*g = -n - 4, -5*g - 26 = -3*n. Let d(k) = -k**3 + 2*k**2 - k. What is d(n)?
-2
Let l(d) = d**2 - 7*d - 25. Let a be l(10). Let s(b) = b**2 - 6*b + 1. Calculate s(a).
-4
Let b(k) = -3*k - 1. Let d(n) = -8*n - 2. Let q(v) = 11*b(v) - 4*d(v). Give q(-6).
3
Suppose -4*l + 6 + 2 = 0. Let o(k) = -12 + 14 + 2*k**2 + l*k + k**2. Give o(-2).
10
Let o(y) = -y**3 + y + 11. Let a be (1 - 2)*-1*(5 - 5). Give o(a).
11
Let h(a) = -4*a - 3. Let z(f) = -5*f - 4. Let x(p) = -3*h(p) + 2*z(p). Let q be (3/(-9) - 0)*-9. Give x(q).
7
Let c(v) = -v**3 - 4*v**2 + 4. Let a be ((-6)/(-5))/(6/(-20)). Calculate c(a).
4
Let t(o) = -3*o - 2. Let y be -1 - -18 - 12/4. Suppose -4 = -5*v - y. Calculate t(v).
4
Let f(m) = -m**2 - 4*m + 1. Let n = 19 - 22. Determine f(n).
4
Let x(v) be the first derivative of -v**4/12 + v**3 - 5*v**2/2 - 7*v + 1. Let j(f) be the first derivative of x(f). Determine j(4).
3
Let p(d) be the second derivative of d**7/630 + d**5/120 + d**4/12 - 3*d. Let w(v) be the third derivative of p(v). Determine w(-1).
5
Let g(t) be the third derivative of -t**6/120 - t**5/10 - 7*t**4/24 + t**3/6 + 4*t**2. Give g(-5).
11
Let t(m) be the second derivative of m**5/120 + m**3/3 - 2*m. Let d(w) be the second derivative of t(w). Let v be 8/10 - (-2)/10. Give d(v).
1
Suppose 0*d = 2*c - d + 3, 3*c = 3*d. Let z(m) = -m + 1. Calculate z(c).
4
Let q(r) = 3*r**2 + 10*r + 12. Let p(j) = -j**2 - 3*j - 4. Let b(i) = 8*p(i) + 3*q(i). Let w = -8 + 11. Suppose 0 = -y - w*y - 24. Calculate b(y).
4
Let g(w) = -2 + 2 + 4 + w. Let u be g(-8). Let x(y) = -2*y + 0 - y - 6. Give x(u).
6
Suppose -17 - 7 = 4*q. Suppose -43 = -5*g - 13. Let f(y) = -4 - 5*y - y**2 + g - y + 0*y**2. Calculate f(q).
2
Let w(p) = 0*p**3 - 6*p**2 + 0*p**3 - p**3 + 0*p**3 + 2 - 6*p. Give w(-5).
7
Suppose -2*l = 3*t - 58, 22 = 4*t - 5*l - 17. Suppose t = 5*r - b, -5*r + 8*b + 20 = 3*b. Let j(x) = -2*x - 4*x + 3 + 4*x. Calculate j(r).
-3
Let j(r) be the first derivative of -r**3/3 - 4*r**2 + 2*r - 20. Determine j(-6).
14
Let p be (8/(-10))/((-2)/10). Let s(h) = -p*h**2 - 4*h + h**2 + 2*h**3 - h**3. Let f(m) = -m**3 - 9*m**2 - 10*m - 12. Let w be f(-8). What is s(w)?
0
Suppose -5*n = -4*n + 25. Let r be (20/n)/(4/10). Let t(d) be the third derivative of -d**6/60 - d**5/60 + d**4/6 + d**3/2 + d**2. Determine t(r).
7
Let u(c) = -2*c + 3*c - 122 + 114. Determine u(6).
-2
Let c(r) = 2*r**2 + r - 3 + 1 + 6 + r**3 + 0. Calculate c(-3).
-8
Let o(r) = -5*r**3 - r**2 - 20. Let n(p) = 2*p**3 + 7. Let q(c) = -8*n(c) - 3*o(c). Let g(l) = -l**3 - 17*l**2 + 17*l - 15. Let z be g(-18). What is q(z)?
4
Let a(u) be the first derivative of u**4/4 + u**3 - 2*u**2 - u + 16. Determine a(-4).
-1
Let x = 4 + -3. Let n(p) = -2*p**2 + 5*p. Let v = 22 - 23. Let w(i) = -i**2 + i + 1. Let g(o) = v*w(o) + x*n(o). Give g(2).
3
Let c(u) = u**3 - u + 5. Suppose 0 = 5*y - 3*y - 8. Let a be (-2)/10 + y/20. Determine c(a).
5
Let a(v) be the second derivative of -v**3/6 - v**2/2 + v. Determine a(3).
-4
Let b(q) = -8*q - 17. Let c(n) = 4*n + 10. Let t(i) = -3*b(i) - 5*c(i). What is t(1)?
5
Let u(f) = 3*f + 15. Let m be u(-6). Let q(w) = -w - 6. Let d(y) = -3*y - 18. Let r(s) = -4*d(s) + 11*q(s). What is r(m)?
3
Let h(t) = t**2 - 4*t**2 + 1 - 2*t**2 - 22*t**3 + 23*t**3. Calculate h(3).
-17
Let u(k) = 3 + 4*k - 3 + 3 - 2*k**2. Calculate u(-2).
-13
Let d = 6 + -13. Let u(h) = -h**3 - 7*h**2 - 2*h - 4. What is u(d)?
10
Let h(m) be the first derivative of 2 - 1/4*m**4 - 4/3*m**3 + 0*m - 1/2*m**2. Determine h(-3).
-6
Let o(l) be the second derivative of l**3/6 - 2*l**2 - 2*l. Let x be o(6). Let u(n) = n - 2. What is u(x)?
0
Let g(a) = -a**3 + 2*a + 5*a**2 + 3 - 6*a - 1. Let d = 0 - -3. Let t be 2 - (1 + (-3)/d). Calculate g(t).
6
Let m = -9 - -15. Let d(n) = 2*n - 8. Calculate d(m).
4
Let z(l) = -9*l**3 - l**2 - l + 2. Let s be (-4)/(-8)*-4 - -3. Let r(b) = b**3 - 1. Let d(t) = s*z(t) + r(t). Let o = -2 - -3. What is d(o)?
-9
Let h(d) = d**2 + 8*d + 6. Let t(i) = i**2 - 15*i + 19. Let a be t(13). Calculate h(a).
-1
Let h be 3*(-2 - 8/(-3)). Let f(t) be the first derivative of -2 + t - 1/2*t**h. Give f(-3).
4
Let c(o) be the second derivative of 0 + 3/2*o**2 - 6*o + 1/3*o**3. Give c(-6).
-9
Let r(t) be the first deri